*l**4 - 4/3*l**3. Calculate a(7).
-1
Let o = -11 + 15. Suppose 0 = -o*j - 2 - 18, y = -3*j + 3. Suppose 0 = i + 3*f - 3, -6*i = -7*i + 4*f - y. Let d(s) = s + 2. Determine d(i).
-4
Let z(h) = -2*h**3 - 66*h**2 + 2*h + 72. Let v(c) = 11*c + 88. Let u be v(-11). Let q be z(u). Let j(g) = 5*g - 18. Calculate j(q).
12
Suppose 163*d = 18*d - 290. Let o(s) = 20*s + 26. Calculate o(d).
-14
Let t(v) = 2*v**3 - 8 - 5*v**2 + 26*v**2 - 2858*v + 2847*v. Determine t(-11).
-8
Let y = -2896 - -2891. Let m = 14 - 12. Let n(r) = -12*r + 3*r**m + r**3 + r**2 - 7 + 4*r. Give n(y).
8
Let l be (-1 + -19)*(7 - 8). Let d be (108/l + -5)*(62 - 2). Let i = 20 - d. Let f(j) = -j**3 - 4*j**2 + j + 1. Determine f(i).
-3
Let p(j) be the second derivative of 7*j**4/12 + j**3/2 - j**2/2 + 29*j. Let d be -4*5/10 - -4. What is p(d)?
33
Let h(f) = f**2 + 15*f + 3. Suppose 150 = 8*r - 130. Let m be r*((-28)/10)/7. What is h(m)?
-11
Let h(j) = 9*j**2 + 68*j + 9. Let d be h(-16). Let l(g) = -g + 4*g - d + 1220. Give l(5).
10
Let k(d) be the third derivative of d**5/60 - 5*d**4/12 - 20*d**3/3 - 10*d**2 - 282. Give k(-6).
56
Let x(b) be the first derivative of b**5/20 - b**4/6 + b**3/6 - b**2/2 - 41*b + 3. Let v(d) be the first derivative of x(d). Give v(3).
11
Let x(o) = -o**2 - o**2 - 10 - 8*o + 0*o**2. Suppose -20 - 9 = -d + 3*g, 2*d + 118 = -10*g. Calculate x(d).
-10
Let n(t) = -t**3 - 10*t**2 - 19*t + 8. Suppose z = 16*s - 11*s - 18, 3*z + 3*s + 18 = 0. Give n(z).
32
Let z be (44/(-8))/(18/(-72)). Let k(d) = -3*d + 52. What is k(z)?
-14
Let i(y) = -y. Let d(l) = -l + 6. Let v(q) = -d(q) + 2*i(q). Let g(o) = -20*o + 76. Let n be g(4). Calculate v(n).
-2
Let g = 867 - 864. Let k(u) = 1 + 2*u - 10 - g*u - 2*u + 13. Calculate k(-2).
10
Let y(p) = p**2 + p + 3. Let m(v) = -v + 33. Let t(l) = 2*m(l) + 2*y(l). Calculate t(0).
72
Suppose -2*a + 12 = 2*a. Let x(o) = 2*o**3 - 2*o - 2*o**3 - 3*o**2 + 2*o**3 - 3*o**a. What is x(-4)?
24
Let u(l) = -l**3 - l. Let i be 3 - 52/20 - (-146)/10. Suppose v + i + 39 = 0. Let r = v - -54. What is u(r)?
0
Let i(w) = 2*w**2 - 6*w. Let r(u) = u**3 - 33*u**2 - 38*u + 142. Let x be r(34). Give i(x).
36
Let q(b) = 3*b**3 + 2*b + 2. Suppose -282*t = -281*t, -4*t = s + 1. Determine q(s).
-3
Let l(k) = -11*k**2 + k - 116. Let u(i) = 2*i**2 + i + 25. Let g(r) = l(r) + 5*u(r). What is g(-6)?
-63
Let v(i) = -i**2 + 5*i + 2. Let k(f) be the first derivative of -39 - 8*f + 3/2*f**2. Let u be k(4). Determine v(u).
6
Let x(c) = -3*c**3 - 6 - 366*c + 11*c**2 + 2*c**3 + 183*c - 6*c**2 + 184*c. What is x(5)?
-1
Let b(h) = 4*h**2 + 28 - 3*h**2 - 9 - 11 + 8*h. Let j be 128*(-2)/(-12)*-3*1. Let r = j - -58. What is b(r)?
-4
Let n(y) be the third derivative of 5*y - 2*y**2 + 1/6*y**3 + 1/12*y**4 + 0. Calculate n(-3).
-5
Let r(w) = 4*w + 27. Let f(a) = 3*a + 21. Let k(z) = 3*f(z) - 2*r(z). Suppose 45*t - 18 = 48*t. Calculate k(t).
3
Let d(j) be the second derivative of 1/6*j**3 + 160*j - 4*j**2 - 1. Let w be (-2)/(-7) - (-2)/(-7). Give d(w).
-8
Let q(b) = 4*b**2 - 5*b - 2. Let o(f) = f**2 - f + 1. Let j(r) = 2*o(r) - q(r). Let s be (-9230)/(-2275) - 8/140. Give j(s).
-16
Let h(j) be the third derivative of -j**6/120 - j**5/15 + j**4/24 + 5*j**3/6 + 839*j**2 + 2*j. Calculate h(0).
5
Let y(d) = -3*d**2 - 30*d - 15. Suppose 4*p - 3 = 3*i, 0 = 248*i - 243*i + 5*p + 75. Calculate y(i).
12
Let x(p) be the second derivative of 11*p**3/6 + p**2/2 - 2*p. Let a(u) = 5*u**3 + 2*u**2 - 4. Let o be a(2). Let t = 43 - o. Calculate x(t).
-10
Let n(h) = 2*h**2 - 7*h - 3. Let z(m) = -15*m**2 + 40*m + 4. Let v(i) = -6*n(i) - z(i). What is v(4)?
70
Let w(v) = -7*v**3 + v**2 - 8*v - 7. Let x(q) = -34*q**3 + 5*q**2 - 39*q - 35. Let y(a) = 29*w(a) - 6*x(a). What is y(-2)?
-9
Let o(k) be the second derivative of 15*k + 5 - 1/3*k**3 - 1/2*k**2. Determine o(-6).
11
Let m(x) = 8*x + 5. Suppose -s + 11 = 3*t + 13, -3*s = -10*t - 51. What is m(s)?
61
Suppose -4*k = h + h - 24, 2*k = 5*h + 48. Let s(g) be the first derivative of -g**3/3 + 4*g**2 + 8*g - 4. Determine s(k).
-1
Let i(s) be the first derivative of s**4/4 + s**3 - 7*s**2/2 - 2*s - 132273. Let w(k) = k**2 - 6*k + 3. Let m be w(4). Calculate i(m).
-17
Let m(s) = s**2 + 18*s - 1. Let z be (-18)/(-12) - (4/(-8) + 3). Let b be 1*(7 + z)/(9/(-27)). Determine m(b).
-1
Let c(g) be the third derivative of -g**6/120 + 3*g**5/20 + 3*g**4/8 + g**3/2 + 6*g**2. Let q = 16 + -6. What is c(q)?
-7
Let o(w) = 11 + 220*w - w**3 + 24*w**2 - 196*w + 9. Let p be o(25). Let x(y) be the first derivative of y**3/3 + 3*y**2 - 7*y + 4. Give x(p).
-12
Let p = -30 - 245. Let b be (-50)/p - (-106)/22. Let z(x) be the second derivative of -x**3/6 + 3*x**2/2 + 18*x. Give z(b).
-2
Let o(i) = -17*i**2 + 18*i + 15. Let w(d) be the third derivative of -2*d**5/5 + 9*d**4/8 + 11*d**3/3 - 326*d**2. Let s(l) = 7*o(l) - 5*w(l). Calculate s(7).
-19
Let o(j) be the first derivative of -j**4/4 + j**3/3 + j**2 + j - 25031. Let a(i) = -i**3 + 5*i**2 - 6*i + 6. Let c be a(4). Calculate o(c).
9
Let l(y) = -3*y**2 - 2*y + 2. Suppose 5*x = 10*x - 50. Suppose 4*h = 4*u + 2*h - x, -3*u = -3*h. Suppose 0 = u*t + 6 + 4. What is l(t)?
-6
Let s(o) be the first derivative of -o**2 + 13*o + 2851. Let i be (11 - 1)*(-11)/(-22). Determine s(i).
3
Let r(b) = b**3 + 7*b**2 - 30*b - 3. Let l = -10369 - -10359. Calculate r(l).
-3
Let y(x) = 3*x + 6. Let s(q) = 56*q + 110. Let a(o) = 6*s(o) - 111*y(o). Determine a(6).
12
Suppose -3*z + 13*p = 14*p - 3, 4*z + 4*p - 4 = 0. Let w(t) = -12*t**2 + 6*t - 1. Calculate w(z).
-7
Let v(z) = z**3 + 3*z**2 + 2*z - 1. Suppose 5*l + 705 = -5*f, 77 = -l + 4*f - 79. Let s = l + 141. Determine v(s).
-7
Suppose 162*v + 10 = 157*v + 5*o, 3*o - 16 = 5*v. Let t(y) = -y**3 - 3*y**2 + 5*y + 3. What is t(v)?
28
Let g(a) = -17*a**3 + a**2 + 3*a - 4. Let b(q) = q**3 - 10*q**2 + 55*q - 549. Let h be b(10). Give g(h).
-17
Let f(y) = -6*y - 26. Let a = -8338 + 8334. What is f(a)?
-2
Let j(k) = 2*k**3 + 4*k**2 + 3*k + 1. Let g = 61 - 94. Let a = 31 + g. Let y = a - 0. Give j(y).
-5
Let l(q) = -9*q**2 - 3*q + 129. Let n(s) = -10*s**2 - 4*s + 130. Let t(m) = -3*l(m) + 2*n(m). Let c(h) be the first derivative of t(h). Give c(1).
15
Let d(n) = -6*n**2 - 11*n + 4. Let u(c) = -5*c**2 - 10*c + 4. Let o(b) = 6*d(b) - 7*u(b). Suppose 84 + 76 = -10*l. Let v be (-1)/2 + (-72)/l. Determine o(v).
-4
Let c(o) = 3*o - 65. Suppose 48*n + 119 = 1079. Determine c(n).
-5
Let i = -94 + 98. Let m(z) be the second derivative of -z**3/6 + 7*z**2/2 - 125*z. Determine m(i).
3
Let y be (-8)/(-10)*125/25 + -11. Let b(z) = 8*z + 76. Calculate b(y).
20
Let p be ((-42)/(-8))/(-7) - (-45)/(-4). Let i(t) be the third derivative of -t**4/12 - 11*t**3/6 + 24*t**2 + 10. Calculate i(p).
13
Suppose -2*y - 613 = -589. Let j(f) = f - 1. Let i(s) = s**2 + 15*s + 10. Let b(c) = i(c) - j(c). What is b(y)?
-13
Let k(m) be the first derivative of m**4/4 - 7*m**3/3 + 3*m**2 + 5*m - 6956. Give k(6).
5
Let t(m) = 2*m + 1. Suppose 7*f = 2 + 82. Let c be (9/3 - 3)/(f - 7). Determine t(c).
1
Let f = 424 + 64. Let o = -485 + f. Let m(r) = -2*r + 12. What is m(o)?
6
Let k be (-2 - 0)/(2/4). Let p be (100/175)/((-2)/(-7)). Let z(s) = -p*s + 263 + s - 269. Determine z(k).
-2
Let p(n) = 7*n - 217. Let v(m) = -6*m + 183. Let h(y) = -5*p(y) - 6*v(y). Give h(22).
9
Let y(h) = -3*h - 11. Let w be y(-6). Let l(o) = o**3 + 4*o**2 - 7*o - 7. Let a be l(-5). Let n(g) = 0*g - 8*g + 8*g**2 + 2 - 5 + 0*g - g**a. Give n(w).
-10
Let v(d) = -2*d**2 - 1 + 4 + 0 - 14 - 8*d. Let f be v(-3). Let h(r) = r**2 + 7*r. Let g(l) = l**2 + 7*l. Let z(p) = -4*g(p) + 3*h(p). What is z(f)?
10
Let m(b) = 20*b - 1. Let d(q) = q**3 - 3*q**2 - 15*q + 29. Let k be d(2). Give m(k).
-101
Let i(n) = -n**3 - 8*n**2 - 4*n + 5. Suppose 40 = -5*j - 2*f - 572, 3*j + 3*f + 360 = 0. Let u = -132 - j. Calculate i(u).
37
Let c = -176 + 91. Let g be (-1*(-10)/(-15))/((-4)/(-558)). Let f = g - c. Let d(v) = -v**2 - 7*v + 8. Determine d(f).
0
Let n = 203 - 186. Let u(a) = a**2 - 3*a + 7 + 2*a - 8 + n. Suppose -3*j - 9 = -3*w, 2*w + 15 = -w - 5*j. What is u(w)?
16
Let h(u) be the second derivative of u**5/20 + 2*u**4/3 + u**3/3 + 11*u**2/2 - 6371*u. Let g(f) = -f**2 - 7*f. Let v be g(-8). Calculate h(v).
-5
Let z(t) = -9*t + 6. Let c(q) = -24*q + 10. Let m(y) = -2*c(y) + 5*z(y). 